{"id":48,"date":"2019-02-22T10:00:07","date_gmt":"2019-02-22T09:00:07","guid":{"rendered":"http:\/\/svkmo.s0.net-wings.cz\/?page_id=48"},"modified":"2023-03-28T14:30:15","modified_gmt":"2023-03-28T12:30:15","slug":"e-kapky","status":"publish","type":"page","link":"https:\/\/www.svkmo.cz\/index.php\/e-kapky\/","title":{"rendered":"e-Kapky"},"content":{"rendered":"<p>E-Kapka je elektronick\u00fd informa\u010dn\u00ed let\u00e1k, kter\u00fd je ur\u010den z\u00e1kazn\u00edk\u016fm VAS a.s.. Jeho c\u00edlem je v obecn\u00e9 rovin\u011b, n\u011bkolikr\u00e1t do roka, informovat o aktualit\u00e1ch z oblasti vod\u00e1renstv\u00ed a zodpov\u011bd\u011bt dotazy odb\u011bratel\u016f, kter\u00e9 jsou mnohdy velmi podobn\u00e9.<\/p>\n<p><a href=\"https:\/\/vodarenska.cz\/download\/vodarenske-kapky-02-2022\/\">e-Kapky 02\/2022<\/a><\/p>\n<p><a href=\"https:\/\/www.svkmo.cz\/wp-content\/uploads\/2022\/05\/VODARENSKE_KAPKY_2022_01_web-1.pdf\">e-Kapky 01\/2022<\/a><\/p>\n<p><a href=\"https:\/\/www.svkmo.cz\/wp-content\/uploads\/2022\/05\/VK-022021.pdf\">e-Kapky 02\/2021<\/a><\/p>\n<p><a href=\"https:\/\/www.svkmo.cz\/wp-content\/uploads\/2022\/05\/VK-022021.pdf\">e-Kapky 02\/2021<\/a><\/p>\n<p><a href=\"https:\/\/www.svkmo.cz\/wp-content\/uploads\/2022\/05\/02_2020.pdf\">e-Kapky 02\/2020<\/a><\/p>\n<p><a href=\"https:\/\/www.svkmo.cz\/wp-content\/uploads\/2022\/05\/01_2020.pdf\">e- Kapky 01\/2020<\/a><\/p>\n<p><a href=\"https:\/\/www.svkmo.cz\/wp-content\/uploads\/2022\/05\/03_2019.pdf\">e- Kapky 03\/2019<\/a><\/p>\n<p><a href=\"https:\/\/www.svkmo.cz\/wp-content\/uploads\/2022\/05\/02_2019.pdf\">e-Kapky 02\/2019<\/a><\/p>\n<p><a href=\"https:\/\/www.svkmo.cz\/wp-content\/uploads\/2020\/06\/01_2019.pdf\">e-Kapky 01_2019<\/a><\/p>\n","protected":false},"excerpt":{"rendered":"<p>E-Kapka je elektronick\u00fd informa\u010dn\u00ed let\u00e1k, kter\u00fd je ur\u010den z\u00e1kazn\u00edk\u016fm VAS a.s.. Jeho c\u00edlem je v obecn\u00e9 rovin\u011b, n\u011bkolikr\u00e1t do roka, &hellip; <\/p>\n","protected":false},"author":1,"featured_media":565,"parent":0,"menu_order":0,"comment_status":"closed","ping_status":"closed","template":"","meta":{"ngg_post_thumbnail":0,"footnotes":""},"_links":{"self":[{"href":"https:\/\/www.svkmo.cz\/index.php\/wp-json\/wp\/v2\/pages\/48"}],"collection":[{"href":"https:\/\/www.svkmo.cz\/index.php\/wp-json\/wp\/v2\/pages"}],"about":[{"href":"https:\/\/www.svkmo.cz\/index.php\/wp-json\/wp\/v2\/types\/page"}],"author":[{"embeddable":true,"href":"https:\/\/www.svkmo.cz\/index.php\/wp-json\/wp\/v2\/users\/1"}],"replies":[{"embeddable":true,"href":"https:\/\/www.svkmo.cz\/index.php\/wp-json\/wp\/v2\/comments?post=48"}],"version-history":[{"count":9,"href":"https:\/\/www.svkmo.cz\/index.php\/wp-json\/wp\/v2\/pages\/48\/revisions"}],"predecessor-version":[{"id":589,"href":"https:\/\/www.svkmo.cz\/index.php\/wp-json\/wp\/v2\/pages\/48\/revisions\/589"}],"wp:featuredmedia":[{"embeddable":true,"href":"https:\/\/www.svkmo.cz\/index.php\/wp-json\/wp\/v2\/media\/565"}],"wp:attachment":[{"href":"https:\/\/www.svkmo.cz\/index.php\/wp-json\/wp\/v2\/media?parent=48"}],"curies":[{"name":"wp","href":"https:\/\/api.w.org\/{rel}","templated":true}]}}