{"id":40,"date":"2019-02-22T09:57:05","date_gmt":"2019-02-22T08:57:05","guid":{"rendered":"http:\/\/svkmo.s0.net-wings.cz\/?page_id=40"},"modified":"2019-02-22T16:06:06","modified_gmt":"2019-02-22T15:06:06","slug":"dilci-projekt-e-region-zdarsko","status":"publish","type":"page","link":"https:\/\/www.svkmo.cz\/index.php\/dilci-projekt-e-region-zdarsko\/","title":{"rendered":"D\u00edl\u010d\u00ed projekt E \u2013 region \u017d\u010f\u00e1rsko"},"content":{"rendered":"<p>Stavba 6: Kanalizace Nov\u00e9 M\u011bsto na Morav\u011b<br \/>\nStavba 7A: Kanalizace Mar\u0161ovice<br \/>\nStavba 7B: Kanalizace Pohledec<br \/>\nStavba 8: Kanalizace Nov\u00e1 Ves<br \/>\nStavba 9A: \u010cOV Velk\u00e9 Mezi\u0159\u00ed\u010d\u00ed<br \/>\nStavba 9B: Kanalizace Velk\u00e9 Mezi\u0159\u00ed\u010d\u00ed<br \/>\nStavba 10: Kanalizace Mosti\u0161t\u011b<br \/>\nStavba 11: Kanalizace Oslavice<\/p>\n<h2>Popis projektu:<\/h2>\n<p>V r\u00e1mci realizace d\u00edl\u010d\u00edho projektu byla vybudov\u00e1na spla\u0161kov\u00e1 kanalizace v d\u00e9lce 14,6 km pro m\u011bsto Nov\u00e9 M\u011bsto na Morav\u011b (v\u010detn\u011b m\u00edstn\u00edch \u010d\u00e1st\u00ed Mar\u0161ovice a Pohledec) a obec Nov\u00e1 Ves.<\/p>\n<p>D\u00e1le byla vybudov\u00e1na kanalizace v d\u00e9lce 15,7 km pro m\u011bsto Velk\u00e9 Mezi\u0159\u00ed\u010d\u00ed (v\u010detn\u011b m\u00edstn\u00ed \u010d\u00e1sti Mosti\u0161t\u011b) a obec Oslavice. Sou\u010dasn\u011b byla intenzifikov\u00e1na \u010cOV Velk\u00e9 Mezi\u0159\u00ed\u010d\u00ed na kone\u010dnou kapacitu 22 300 EO.<\/p>\n<p><!-- default-view.php -->\n<div\n\tclass=\"ngg-galleryoverview default-view \"\n\tid=\"ngg-gallery-ef5e9f939260f9791bda68252db68122-1\">\n\n\t\t<!-- Thumbnails -->\n\t\t\t\t<div id=\"ngg-image-0\" class=\"ngg-gallery-thumbnail-box \" >\n\t\t\t\t        <div class=\"ngg-gallery-thumbnail\">\n            <a href=\"https:\/\/www.svkmo.cz\/wp-content\/gallery\/projekt-e\/E-COV-V.Mezirici-puvodni-stav2.JPG\"\n               title=\"\"\n               data-src=\"https:\/\/www.svkmo.cz\/wp-content\/gallery\/projekt-e\/E-COV-V.Mezirici-puvodni-stav2.JPG\"\n               data-thumbnail=\"https:\/\/www.svkmo.cz\/wp-content\/gallery\/projekt-e\/thumbs\/thumbs_E-COV-V.Mezirici-puvodni-stav2.JPG\"\n               data-image-id=\"4\"\n               data-title=\"\u010cOV Velk\u00e9 Mezi\u0159\u00ed\u010d\u00ed - p\u016fvodn\u00ed stav 1\"\n               data-description=\"\"\n               data-image-slug=\"e-cov-v-mezirici-puvodni-stav2\"\n               class=\"ngg-simplelightbox\" rel=\"ef5e9f939260f9791bda68252db68122\">\n                <img\n                    title=\"\u010cOV Velk\u00e9 Mezi\u0159\u00ed\u010d\u00ed - p\u016fvodn\u00ed stav 1\"\n                    alt=\"\u010cOV Velk\u00e9 Mezi\u0159\u00ed\u010d\u00ed - p\u016fvodn\u00ed stav 1\"\n                    src=\"https:\/\/www.svkmo.cz\/wp-content\/gallery\/projekt-e\/thumbs\/thumbs_E-COV-V.Mezirici-puvodni-stav2.JPG\"\n                    width=\"240\"\n                    height=\"160\"\n                    style=\"max-width:100%;\"\n                \/>\n            <\/a>\n        <\/div>\n\t\t\t\t\t\t\t<\/div> \n\t\t\t\n\t\t\t\t<div id=\"ngg-image-1\" class=\"ngg-gallery-thumbnail-box \" >\n\t\t\t\t        <div class=\"ngg-gallery-thumbnail\">\n            <a href=\"https:\/\/www.svkmo.cz\/wp-content\/gallery\/projekt-e\/E-COV-V.Mezirici-novy-stav_2.JPG\"\n               title=\"\"\n               data-src=\"https:\/\/www.svkmo.cz\/wp-content\/gallery\/projekt-e\/E-COV-V.Mezirici-novy-stav_2.JPG\"\n               data-thumbnail=\"https:\/\/www.svkmo.cz\/wp-content\/gallery\/projekt-e\/thumbs\/thumbs_E-COV-V.Mezirici-novy-stav_2.JPG\"\n               data-image-id=\"1\"\n               data-title=\"\u010cOV Velk\u00e9 Mezi\u0159\u00ed\u010d\u00ed - nov\u00fd stav 1\"\n               data-description=\"\"\n               data-image-slug=\"e-cov-v-mezirici-novy-stav_2\"\n               class=\"ngg-simplelightbox\" rel=\"ef5e9f939260f9791bda68252db68122\">\n                <img\n                    title=\"\u010cOV Velk\u00e9 Mezi\u0159\u00ed\u010d\u00ed - nov\u00fd stav 1\"\n                    alt=\"\u010cOV Velk\u00e9 Mezi\u0159\u00ed\u010d\u00ed - nov\u00fd stav 1\"\n                    src=\"https:\/\/www.svkmo.cz\/wp-content\/gallery\/projekt-e\/thumbs\/thumbs_E-COV-V.Mezirici-novy-stav_2.JPG\"\n                    width=\"240\"\n                    height=\"160\"\n                    style=\"max-width:100%;\"\n                \/>\n            <\/a>\n        <\/div>\n\t\t\t\t\t\t\t<\/div> \n\t\t\t\n\t\t\t\t<div id=\"ngg-image-2\" class=\"ngg-gallery-thumbnail-box \" >\n\t\t\t\t        <div class=\"ngg-gallery-thumbnail\">\n            <a href=\"https:\/\/www.svkmo.cz\/wp-content\/gallery\/projekt-e\/E-COV-V.Mezirici-puvodni-stav1.JPG\"\n               title=\"\"\n               data-src=\"https:\/\/www.svkmo.cz\/wp-content\/gallery\/projekt-e\/E-COV-V.Mezirici-puvodni-stav1.JPG\"\n               data-thumbnail=\"https:\/\/www.svkmo.cz\/wp-content\/gallery\/projekt-e\/thumbs\/thumbs_E-COV-V.Mezirici-puvodni-stav1.JPG\"\n               data-image-id=\"3\"\n               data-title=\"\u010cOV Velk\u00e9 Mezi\u0159\u00ed\u010d\u00ed - p\u016fvodn\u00ed stav 2\"\n               data-description=\"\"\n               data-image-slug=\"e-cov-v-mezirici-puvodni-stav1\"\n               class=\"ngg-simplelightbox\" rel=\"ef5e9f939260f9791bda68252db68122\">\n                <img\n                    title=\"\u010cOV Velk\u00e9 Mezi\u0159\u00ed\u010d\u00ed - p\u016fvodn\u00ed stav 2\"\n                    alt=\"\u010cOV Velk\u00e9 Mezi\u0159\u00ed\u010d\u00ed - p\u016fvodn\u00ed stav 2\"\n                    src=\"https:\/\/www.svkmo.cz\/wp-content\/gallery\/projekt-e\/thumbs\/thumbs_E-COV-V.Mezirici-puvodni-stav1.JPG\"\n                    width=\"240\"\n                    height=\"160\"\n                    style=\"max-width:100%;\"\n                \/>\n            <\/a>\n        <\/div>\n\t\t\t\t\t\t\t<\/div> \n\t\t\t\n\t\t\t\t<div id=\"ngg-image-3\" class=\"ngg-gallery-thumbnail-box \" >\n\t\t\t\t        <div class=\"ngg-gallery-thumbnail\">\n            <a href=\"https:\/\/www.svkmo.cz\/wp-content\/gallery\/projekt-e\/E-COV-V.Mezirici-novy-stav1.JPG\"\n               title=\"\"\n               data-src=\"https:\/\/www.svkmo.cz\/wp-content\/gallery\/projekt-e\/E-COV-V.Mezirici-novy-stav1.JPG\"\n               data-thumbnail=\"https:\/\/www.svkmo.cz\/wp-content\/gallery\/projekt-e\/thumbs\/thumbs_E-COV-V.Mezirici-novy-stav1.JPG\"\n               data-image-id=\"2\"\n               data-title=\"\u010cOV Velk\u00e9 Mezi\u0159\u00ed\u010d\u00ed - nov\u00fd stav 2\"\n               data-description=\"\"\n               data-image-slug=\"e-cov-v-mezirici-novy-stav1\"\n               class=\"ngg-simplelightbox\" rel=\"ef5e9f939260f9791bda68252db68122\">\n                <img\n                    title=\"\u010cOV Velk\u00e9 Mezi\u0159\u00ed\u010d\u00ed - nov\u00fd stav 2\"\n                    alt=\"\u010cOV Velk\u00e9 Mezi\u0159\u00ed\u010d\u00ed - nov\u00fd stav 2\"\n                    src=\"https:\/\/www.svkmo.cz\/wp-content\/gallery\/projekt-e\/thumbs\/thumbs_E-COV-V.Mezirici-novy-stav1.JPG\"\n                    width=\"240\"\n                    height=\"160\"\n                    style=\"max-width:100%;\"\n                \/>\n            <\/a>\n        <\/div>\n\t\t\t\t\t\t\t<\/div> \n\t\t\t\n\t\n\t<br style=\"clear: both\" \/>\n\n\t\n\t\t<!-- Pagination -->\n\t<div class='ngg-clear'><\/div>\t<\/div>\n<img decoding=\"async\" loading=\"lazy\" class=\"alignnone size-full wp-image-22\" src=\"http:\/\/svkmo.s0.net-wings.cz\/wp-content\/uploads\/2019\/02\/opzp_eu.png\" alt=\"\" width=\"620\" height=\"66\" srcset=\"https:\/\/www.svkmo.cz\/wp-content\/uploads\/2019\/02\/opzp_eu.png 620w, https:\/\/www.svkmo.cz\/wp-content\/uploads\/2019\/02\/opzp_eu-300x32.png 300w\" sizes=\"(max-width: 620px) 100vw, 620px\" \/><\/p>\n","protected":false},"excerpt":{"rendered":"<p>Stavba 6: Kanalizace Nov\u00e9 M\u011bsto na Morav\u011b Stavba 7A: Kanalizace Mar\u0161ovice Stavba 7B: Kanalizace Pohledec Stavba 8: Kanalizace Nov\u00e1 Ves &hellip; <\/p>\n","protected":false},"author":1,"featured_media":0,"parent":0,"menu_order":0,"comment_status":"closed","ping_status":"closed","template":"","meta":{"ngg_post_thumbnail":0,"footnotes":""},"_links":{"self":[{"href":"https:\/\/www.svkmo.cz\/index.php\/wp-json\/wp\/v2\/pages\/40"}],"collection":[{"href":"https:\/\/www.svkmo.cz\/index.php\/wp-json\/wp\/v2\/pages"}],"about":[{"href":"https:\/\/www.svkmo.cz\/index.php\/wp-json\/wp\/v2\/types\/page"}],"author":[{"embeddable":true,"href":"https:\/\/www.svkmo.cz\/index.php\/wp-json\/wp\/v2\/users\/1"}],"replies":[{"embeddable":true,"href":"https:\/\/www.svkmo.cz\/index.php\/wp-json\/wp\/v2\/comments?post=40"}],"version-history":[{"count":3,"href":"https:\/\/www.svkmo.cz\/index.php\/wp-json\/wp\/v2\/pages\/40\/revisions"}],"predecessor-version":[{"id":116,"href":"https:\/\/www.svkmo.cz\/index.php\/wp-json\/wp\/v2\/pages\/40\/revisions\/116"}],"wp:attachment":[{"href":"https:\/\/www.svkmo.cz\/index.php\/wp-json\/wp\/v2\/media?parent=40"}],"curies":[{"name":"wp","href":"https:\/\/api.w.org\/{rel}","templated":true}]}}